{"id":8,"date":"2026-03-27T15:39:16","date_gmt":"2026-03-27T15:39:16","guid":{"rendered":"https:\/\/maisoncjb.com\/?page_id=8"},"modified":"2026-04-01T10:26:32","modified_gmt":"2026-04-01T10:26:32","slug":"maison","status":"publish","type":"page","link":"https:\/\/maisoncjb.com\/","title":{"rendered":"Maison"},"content":{"rendered":"<div class=\"et_pb_section_0 et_pb_section et_section_regular et_flex_section et_pb_section_parallax\"><span class=\"et-pb-parallax-wrapper\"><span class=\"et-pb-parallax-background et-pb-parallax-background-module--divi-section-0\" style=\"background-image:url(http:\/\/maisoncjb.com\/wp-content\/uploads\/2026\/03\/escaliers-NB.png)\"><\/span><\/span>\n<div class=\"et_pb_row_0 et_pb_row et_flex_row\">\n<div class=\"et_pb_column_0 et_pb_column et-last-child et_flex_column et_pb_css_mix_blend_mode_passthrough et_flex_column_24_24 et_flex_column_24_24_tablet et_flex_column_24_24_phone\">\n<div class=\"et_pb_heading_0 et_pb_heading et_pb_module et_flex_module\"><div class=\"et_pb_heading_container\"><h1 class=\"et_pb_module_header\">MAISON CJB. plus qu\u2019une agence, une Maison de cr\u00e9ation o\u00f9 l\u2019exigence rencontre l\u2019audace du design.<\/h1><\/div><\/div>\n<\/div>\n<\/div>\n<\/div>\n\n<div class=\"et_pb_section_1 et_pb_section et_section_regular et_flex_section\">\n<div class=\"et_pb_row_1 et_pb_row et_flex_row\">\n<div class=\"et_pb_column_1 et_pb_column et_flex_column et_pb_css_mix_blend_mode_passthrough et_flex_column_12_24 et_flex_column_12_24_tablet et_flex_column_24_24_phone\">\n<div class=\"et_pb_text_0 et_pb_text et_pb_bg_layout_light et_pb_module et_flex_module\"><div class=\"et_pb_text_inner\"><p>L\u2019Architecte Unique : C.J.B.<\/p>\n<p>Chez Maison CJB, vous ne sollicitez pas un service, vous engagez l\u2019unique architecte de votre projet.<\/p>\n<p>Une interlocutrice unique pour une coh\u00e9rence absolue, du premier Trac\u00e9 \u00e0 l'Ouvrage final.<\/p>\n<\/div><\/div>\n<\/div>\n\n<div class=\"et_pb_column_2 et_pb_column et-last-child et_flex_column et_pb_column_empty et_pb_css_mix_blend_mode_passthrough et_flex_column_12_24 et_flex_column_12_24_tablet et_flex_column_24_24_phone\"><\/div>\n<\/div>\n<\/div>\n\n<div class=\"et_pb_section_2 et_pb_section et_section_regular et_flex_section\">\n<div class=\"et_pb_row_2 et_pb_row et_flex_row\">\n<div class=\"et_pb_column_3 et_pb_column et-last-child et_flex_column et_pb_css_mix_blend_mode_passthrough et_flex_column_24_24 et_flex_column_24_24_tablet et_flex_column_24_24_phone\">\n<div class=\"et_pb_heading_1 et_pb_heading et_pb_module et_flex_module\"><div class=\"et_pb_heading_container\"><h2 class=\"et_pb_module_header\">MAISON CJB <\/h2><\/div><\/div>\n<\/div>\n<\/div>\n\n<div class=\"et_pb_row_3 et_pb_row et_flex_row\">\n<div class=\"et_pb_column_4 et_pb_column et-last-child et_flex_column et_pb_css_mix_blend_mode_passthrough et_flex_column_24_24 et_flex_column_24_24_tablet et_flex_column_24_24_phone\">\n<div class=\"et_pb_text_1 et_pb_text et_pb_bg_layout_light et_pb_module et_flex_module\"><div class=\"et_pb_text_inner\"><p>Tout part d'une envie : remettre de la g\u00e9n\u00e9rosit\u00e9 et du vrai dans<br \/>nos rencontres.<br \/>Maison CJB n'est pas une agence de plus. C'est un projet qui grandit avec vous.<br \/>Mon obsession, sortir des sentiers battus pour d\u00e9nicher des lieux, des talents et des connexions<br \/>qui ont du sens. Ici, on ne cherche pas \u00e0 impressionner, on cherche \u00e0 \u00eatre juste.<br \/>Mon r\u00f4le, Faciliter vos projets. Qu\u2019il s\u2019agisse de sourcer le prestataire parfait ou d'ouvrir les portes<br \/>d'un cercle priv\u00e9, je m'occupe des d\u00e9tails pour que vous restiez concentr\u00e9s sur l'essentiel. On<br \/>apprend, on teste, et on construit ensemble des moments qui ne ressemblent \u00e0 aucun autre.<br \/>Cr\u00e9er l\u2019exception. Votre instant.<br \/>Le chantier est ouvert, et le meilleur reste \u00e0 construire.<\/p>\n<p>J'ai cr\u00e9\u00e9 Maison CJB avec une simple intention : mettre ma passion au service de vos instants<br \/>d'exception pour que chaque projet devienne une exp\u00e9rience unique et profond\u00e9ment<br \/>personnelle.<\/p>\n<p>La qualit\u00e9 d'un ouvrage d\u00e9pend de ses mat\u00e9riaux. Alors j\u2019ai pris le temps de sourcer des lieux<br \/>confidentiels et des prestataires de haute facture : chefs de talent, sc\u00e9nographes, designers<br \/>floraux et artistes qui ont ce don rare de sublimer les espaces. Je vous ouvre mon carnet<br \/>d'adresses pour garantir une ex\u00e9cution irr\u00e9prochable.<\/p>\n<\/div><\/div>\n<\/div>\n<\/div>\n<\/div>\n\n<div class=\"et_pb_section_3 et_pb_section et_section_regular et_flex_section\"><span class=\"et_pb_background_mask\"><\/span>\n<div class=\"et_pb_row_4 et_pb_row et_flex_row\">\n<div class=\"et_pb_column_5 et_pb_column et_flex_column et_pb_css_mix_blend_mode_passthrough et_flex_column_12_24 et_flex_column_12_24_tablet et_flex_column_24_24_phone\">\n<div class=\"et_pb_text_2 et_pb_text et_pb_bg_layout_light et_pb_module et_flex_module\"><div class=\"et_pb_text_inner\"><p>C\u00e9line : L\u2019exigence du terrain, l\u2019instinct de l\u2019instant.<br \/>Vingt ans \u00e0 l'\u00e9cole de la haute pr\u00e9cision.<br \/>Mon parcours s'est dessin\u00e9 dans les coulisses des Directions g\u00e9n\u00e9rales et des Conseils d'administration. De 2008 \u00e0 2018, j'y ai appris que le luxe n'est pas une question de d\u00e9cor, mais de d\u00e9tail et d'anticipation. Cette rigueur absolue est devenue ma seconde nature.<br \/>Depuis 2018, en tant que manager des environnements de travail, je pilote la vie des espaces et l'animation de r\u00e9seaux. Mon m\u00e9tier est de transformer un lieu en un outil de connexion, d'orchestrer des \u00e9cosyst\u00e8mes o\u00f9 chaque partenaire local trouve sa juste place pour servir un projet commun.<\/p>\n<p>La vision Maison CJB<br \/>J'ai cr\u00e9\u00e9 Maison CJB pour offrir une alternative \u00e0 l'\u00e9v\u00e9nementiel standardis\u00e9. Mon approche privil\u00e9gie la substance \u00e0 l'apparat. Je crois que l'exceptionnel na\u00eet de la rencontre entre une organisation millim\u00e9tr\u00e9e et une authenticit\u00e9 sans filtre.<br \/>Je mets ma spontan\u00e9it\u00e9 et mon expertise au service de vos chantiers, avec une conviction : le plus beau des moments est celui qui vous ressemble vraiment.<br \/>Je ne suis pas l\u00e0 pour d\u00e9corer, je suis l\u00e0 pour b\u00e2tir votre instant.<\/p>\n<p>On ne duplique pas des concepts, on les construit de z\u00e9ro. Chez nous, le sourcing est une enqu\u00eate, l'organisation est une architecture, et la direction est une mise en sc\u00e8ne. Nous mettons \u00e0 votre service trois niveaux d'accompagnement : Les 3 Actes, pour que chaque \u00e9tape de votre projet soit aussi solide qu'inspirante.<\/p>\n<\/div><\/div>\n<\/div>\n\n<div class=\"et_pb_column_6 et_pb_column et-last-child et_flex_column et_pb_column_empty et_pb_css_mix_blend_mode_passthrough et_flex_column_12_24 et_flex_column_12_24_tablet et_flex_column_24_24_phone\"><\/div>\n<\/div>\n<\/div>\n\n<div class=\"et_pb_section_4 et_pb_section et_section_regular et_flex_section\"><span class=\"et_pb_background_mask\"><\/span>\n<div class=\"et_pb_row_5 et_pb_row et_flex_row\">\n<div class=\"et_pb_column_7 et_pb_column et_flex_column et_pb_column_empty et_pb_css_mix_blend_mode_passthrough et_flex_column_3_5 et_flex_column_3_5_tablet et_flex_column_24_24_phone\"><\/div>\n\n<div class=\"et_pb_column_8 et_pb_column et-last-child et_flex_column et_pb_css_mix_blend_mode_passthrough et_flex_column_2_5 et_flex_column_2_5_tablet et_flex_column_24_24_phone\">\n<div class=\"et_pb_text_3 et_pb_text et_pb_bg_layout_light et_pb_module et_flex_module\"><div class=\"et_pb_text_inner\"><p>ACTE I \u2014 LE SOURCING<br \/>Conseil &amp; Strat\u00e9gie pour S\u00e9curiser la vision.<\/p>\n<p>Je d\u00e9finis l'essence de votre projet et source les lieux et artisans d'exception qui composeront votre plan directeur.<\/p>\n<ul>\n<li>\u00a0Pour qui ? Ceux qui d\u00e9tiennent une base mais exigent un \u0153il expert pour valider un<br \/>concept, sourcer un lieu confidentiel ou optimiser un budget critique.<\/li>\n<li>L'engagement : Expertise de conseil et acc\u00e8s direct \u00e0 un carnet d\u2019adresses d\u2019artisans d\u2019art<br \/>tri\u00e9s sur le volet.<\/li>\n<\/ul>\n<\/div><\/div>\n<\/div>\n<\/div>\n<\/div>","protected":false},"excerpt":{"rendered":"","protected":false},"author":1,"featured_media":0,"parent":0,"menu_order":0,"comment_status":"closed","ping_status":"closed","template":"","meta":{"footnotes":""},"class_list":["post-8","page","type-page","status-publish","hentry"],"_links":{"self":[{"href":"https:\/\/maisoncjb.com\/index.php\/wp-json\/wp\/v2\/pages\/8","targetHints":{"allow":["GET"]}}],"collection":[{"href":"https:\/\/maisoncjb.com\/index.php\/wp-json\/wp\/v2\/pages"}],"about":[{"href":"https:\/\/maisoncjb.com\/index.php\/wp-json\/wp\/v2\/types\/page"}],"author":[{"embeddable":true,"href":"https:\/\/maisoncjb.com\/index.php\/wp-json\/wp\/v2\/users\/1"}],"replies":[{"embeddable":true,"href":"https:\/\/maisoncjb.com\/index.php\/wp-json\/wp\/v2\/comments?post=8"}],"version-history":[{"count":10,"href":"https:\/\/maisoncjb.com\/index.php\/wp-json\/wp\/v2\/pages\/8\/revisions"}],"predecessor-version":[{"id":47,"href":"https:\/\/maisoncjb.com\/index.php\/wp-json\/wp\/v2\/pages\/8\/revisions\/47"}],"wp:attachment":[{"href":"https:\/\/maisoncjb.com\/index.php\/wp-json\/wp\/v2\/media?parent=8"}],"curies":[{"name":"wp","href":"https:\/\/api.w.org\/{rel}","templated":true}]}}